 87 + 3?
8a
In base 6, what is 105 - 432?
-323
In base 8, what is 471 + -35?
434
In base 16, what is -5 - -169?
164
In base 7, what is -11505 - 0?
-11505
In base 3, what is -12 + 22?
10
In base 5, what is -101022 - -10?
-101012
In base 7, what is 354 - 14?
340
In base 13, what is 32 + -c?
23
In base 10, what is 605 + 5?
610
In base 10, what is -28 - 144?
-172
In base 11, what is -469 - 2?
-470
In base 15, what is -273 + -1e?
-292
In base 8, what is -3 - -213?
210
In base 2, what is -1011100001 - -1?
-1011100000
In base 4, what is 101 + 3221?
3322
In base 12, what is 1425a + -2?
14258
In base 12, what is 88 + -10?
78
In base 13, what is -41 - -1?
-40
In base 13, what is 3 + -692?
-68c
In base 8, what is -1 - 24?
-25
In base 2, what is -1110 + 100?
-1010
In base 5, what is 11 + 4?
20
In base 8, what is -32415 + 0?
-32415
In base 8, what is 40 + 0?
40
In base 3, what is -1 - 1110?
-1111
In base 7, what is 1243 + 1?
1244
In base 8, what is 306 + -3?
303
In base 16, what is b6 + -45?
71
In base 2, what is -1111010 + 110?
-1110100
In base 12, what is -5a2 + 9?
-595
In base 12, what is 5 + -795?
-790
In base 12, what is -b597 + 2?
-b595
In base 8, what is 15 + -50?
-33
In base 11, what is 4 + 70?
74
In base 13, what is -142 + -2?
-144
In base 9, what is -663 + 0?
-663
In base 12, what is -3 - -46?
43
In base 6, what is 3 - 121?
-114
In base 7, what is -1 + 5066?
5065
In base 11, what is -232 + 5?
-228
In base 14, what is 71 - -2?
73
In base 4, what is -2200202 + -3?
-2200211
In base 7, what is 10 + 1245?
1255
In base 9, what is -1 + 1627?
1626
In base 7, what is 1 - 2202?
-2201
In base 6, what is -5111 - 4?
-5115
In base 5, what is 3 - 10123?
-10120
In base 14, what is 1 + 1dd?
200
In base 8, what is 5236 - 10?
5226
In base 14, what is 5 - -cb8?
cbd
In base 5, what is -10 + -132?
-142
In base 6, what is -305 - -1?
-304
In base 13, what is 6 - b7?
-b1
In base 5, what is -13 - -100?
32
In base 16, what is 730 + 0?
730
In base 15, what is 149 + -4?
145
In base 3, what is 12 - 1220?
-1201
In base 7, what is -3 - -142?
136
In base 2, what is 1 + -1101001010?
-1101001001
In base 8, what is 3345 - -5?
3352
In base 9, what is -1 + -12006?
-12007
In base 10, what is 1 - 151?
-150
In base 12, what is -47 + 36?
-11
In base 5, what is -1 - 4313?
-4314
In base 8, what is -11 - 51?
-62
In base 11, what is -73 + -3?
-76
In base 13, what is 2aa - -1?
2ab
In base 9, what is 1023 + -5?
1017
In base 16, what is -8 + -d9?
-e1
In base 5, what is 10 + -104?
-44
In base 16, what is -7f + -3?
-82
In base 8, what is -1212 + -2?
-1214
In base 5, what is -2 + 242?
240
In base 11, what is 5 - -687?
691
In base 13, what is 1969 + 4?
1970
In base 6, what is 4 - 301?
-253
In base 14, what is b + -19?
-c
In base 5, what is 214 + 34?
303
In base 12, what is 5 + -678?
-673
In base 16, what is 974 + -2?
972
In base 3, what is 21121 - -101?
21222
In base 12, what is 28a74 + 2?
28a76
In base 14, what is c + 50?
5c
In base 14, what is 9 - -46?
51
In base 10, what is -24 + 25?
1
In base 12, what is 3 + -1?
2
In base 5, what is 30 - -1?
31
In base 14, what is d7 + 0?
d7
In base 5, what is 34 - -133?
222
In base 12, what is 1 + -1a?
-19
In base 14, what is 3 - -26?
29
In base 5, what is 10 - -11210?
11220
In base 6, what is -30 + 114?
44
In base 3, what is 1221 + -202?
1012
In base 6, what is -33310 - -4?
-33302
In base 15, what is ec - -b?
108
In base 4, what is 1 - -1001?
1002
In base 12, what is 149 - 1?
148
In base 14, what is -20 - 133?
-153
In base 2, what is -10001001001 + -100?
-10001001101
In base 2, what is -111001 - -10011?
-100110
In base 3, what is -12 - 11?
-100
In base 16, what is -7 - 90?
-97
In base 5, what is -10114 - 1?
-10120
In base 10, what is -5 + 29?
24
In base 8, what is 150 + -21?
127
In base 9, what is -363 + -16?
-380
In base 11, what is -5 - 1?
-6
In base 8, what is -212 + -1?
-213
In base 8, what is 4 + 57?
63
In base 16, what is 2 - -b2?
b4
In base 15, what is -551 - 2?
-553
In base 5, what is 2 - -13220?
13222
In base 15, what is -bb - -1?
-ba
In base 12, what is 119 + 5?
122
In base 6, what is -1 + -31344?
-31345
In base 3, what is 10210201 - 10?
10210121
In base 7, what is -3225 + 1?
-3224
In base 5, what is 34231 + 1?
34232
In base 5, what is -3 - 1341?
-1344
In base 13, what is 25 - -159?
181
In base 4, what is -1 - -2020?
2013
In base 15, what is -36 - 3?
-39
In base 13, what is 7 - 17?
-10
In base 13, what is -4 - 216?
-21a
In base 15, what is 4 - -9e?
a3
In base 2, what is 11 + -1001100?
-1001001
In base 4, what is -3 + 331?
322
In base 7, what is 65 - -21?
116
In base 12, what is 8 - b?
-3
In base 14, what is -8c - 18?
-a6
In base 2, what is -1 - -10001000?
10000111
In base 6, what is -5 + 2134?
2125
In base 7, what is -350 - -4?
-343
In base 8, what is 14 + -4?
10
In base 10, what is 71 + 4?
75
In base 14, what is -5 + 13?
c
In base 5, what is -3 - 3413?
-3421
In base 12, what is -87 - 2?
-89
In base 9, what is 28 - -5?
34
In base 14, what is -5 + -452?
-457
In base 2, what is 10 + -111100111001?
-111100110111
In base 3, what is -2 + 2222?
2220
In base 13, what is 98 - 5?
93
In base 5, what is -13 + -10420?
-10433
In base 6, what is 310 + -10?
300
In base 10, what is 26 - 0?
26
In base 3, what is -201 - -10?
-121
In base 12, what is -3 - 59?
-60
In base 8, what is -32 + 1031?
777
In base 7, what is -33 + 32?
-1
In base 16, what is -4 - 2e?
-32
In base 2, what is 100010100 - -110?
100011010
In base 3, what is 11222 + 10?
12002
In base 12, what is -8 - -71?
65
In base 7, what is 20335 - -4?
20342
In base 11, what is -4 + 26?
22
In base 7, what is 1350 + 14?
1364
In base 6, what is -1224 - 4?
-1232
In base 7, what is -13 + 1551?
1535
In base 5, what is 2011 + 1?
2012
In base 15, what is -5d - -1?
-5c
In base 8, what is -3155 - -3?
-3152
In base 2, what is -11 + 111010010001?
111010001110
In base 15, what is -2 - -33?
31
In base 6, what is -154 - -4?
-150
In base 6, what is -1 + 1510?
1505
In base 10, what is 20 - 5?
15
In base 15, what is -1 + 8?
7
In base 8, what is 0 + 56?
56
In base 12, what is -17 + -93a?
-955
In base 9, what is -4 - 2?
-6
In base 8, what is 6 + -2?
4
In base 6, what is -101 - -415?
314
In base 7, what is -103 + -4?
-110
In base 6, what is -20213 + -3?
-20220
In base 12, what is -245a + 5?
-2455
In base 8, what is 430 - -35?
465
In base 10, what is 4 - -213?
217
In base 5, what is -3 + 101?
43
In base 3, what is 221 + -101?
120
In base 3, what is 20221 + 1010?
22001
In base 7, what is -3 - -21505?
21502
In base 10, what is -100 + -5?
-105
In base 15, what is -6 + -11?
-17
In base 15, what is -d58 - 0?
-d58
In base 2, what is 1110000 + -11?
1101101
In base 14, what is 105 + 2?
107
In base 9, what is -2 - -54?
52
In base 15, what is -b1 + 1c?
-94
In base 12, what is -13b - 1?
-140
In base 13, what is -10 + 4?
-9
In base 7, what is -40 - -36?
-1
In base 11, what is -33a5 + 3?
-33a2
In base 10, what is -2671 - 1?
-2672
In base 15, what is -8 + 4b?
43
In base 7, what is -234 + -4?
-241
In base 9, what is -5 - 42?
-47
In base 9, what is 8 + -128?
-120
In base 2, what is 1001000001110 - 11?
1001000001011
In base 8, what is -3 + 3602?
3577
In base 3, what is 111 - -10202?
11020
In base 6, what is -2 + 243?
241
In base 8, what is -5 - 54?
-61
In base 9, what is -36 - 35?
-72
In base 8, what is -177 + 2?
-175
In base 10, what is -746 + 22?
-724
In base 9, what is -210 + 44?
-155
In base 12, what is 8 + 13?
1b
In base 14, what is 33 - -11?
44
In base 12, what is 22 + 53?
75
In base 9, what is -763 - 3?
-766
In base 2, what is 100 - 110000100?
-110000000
In base 13, what is -3b6 + 2?
-3b4
In base 6, what is 1232 + 0?
1232
In base 15, what is -2 + 316?
314
In base 6, what is -1 - 155?
-200
In base 3, what is 2 - -2021?
2100
In base 12, what is 8 + 288?
294
In base 9, what is -174 + 2?
-172
In base 16, what is 21 + -8?
19
In base 15, what is -25 + -455?
-47a
In base 9, what is -200 + 11?
-178
In base 7, what is 2 - -103?
105
In base 9, what is 111 - 123?
-12
In base 11, what is -144 + -59?
-1a2
In base 4, what is -112 - -10?
-102
In base 10, what is 578 + 8?
586
In base 15, what is -3 + 612?
60e
In base 10, what is -28009 - -5?
-28004
In base 4, what is 1 + 3?
10
In base 7, what is 3234 - -14?
3251
In base 15, what is -53 - 3?
-56
In base 7,